rs of s.
2
Let d(z) = -3*z + 9*z**2 - 9*z**2 + 7*z**2 + z**2 + 2. What are the prime factors of d(3)?
5, 13
Suppose -2*g = 5*d - 5 - 14, -d + 5 = g. Suppose g*o + 4*u = 6*o - 900, 0 = -2*o - 4*u + 468. List the prime factors of o.
2, 3, 19
Suppose 36*w - 17*w = -171. What are the prime factors of 681*1/w*-12?
2, 227
What are the prime factors of 16/((-192)/(-9012)) - (-4)/2?
3, 251
Let h(g) = -4*g + 108. Let p be h(27). Suppose p = 23*n - 32*n + 405. What are the prime factors of n?
3, 5
Suppose -5*v = -r - 2*v + 442, 0 = 5*r - 5*v - 2190. Suppose -k + 5*z = -10, -5*k = -2*k + 5*z + 10. Suppose k = 28*a - 26*a - r. List the prime factors of a.
2, 109
Suppose 67*c - 63*c = 4*r + 340292, 2*r = 18*c - 1531362. List the prime factors of c.
2, 21269
What are the prime factors of 4*15/10 + (960 - 0)?
2, 3, 7, 23
Let d(o) be the second derivative of o**4/6 + 37*o**3/6 + 29*o**2/2 - 37*o. What are the prime factors of d(-21)?
2, 67
Suppose 135132 = -93*m + 262576 + 382196. What are the prime factors of m?
2, 5, 137
Let t = 69 - 58. Suppose 3*s - c - 10 = t, 2*s - 2*c - 10 = 0. Let f(g) = 10*g - 30. What are the prime factors of f(s)?
2, 5
Let w be (-2)/4 + (-11791)/26. Let u = -255 - w. List the prime factors of u.
199
Suppose 26 - 112 = -2*r. Let j be (-4 - -7)/(24/1464). Suppose -j = -5*u - r. What are the prime factors of u?
2, 7
Let j = 10885 - 7562. List the prime factors of j.
3323
Suppose 12*q - 7*q - 15 = -2*n, -5*n - 45 = -4*q. Suppose -q*l + 2522 = 492. List the prime factors of l.
2, 7, 29
Let k(x) = x**3 + 27*x**2 - 16*x + 66. Let h be k(-28). What are the prime factors of (-1656)/h + 4/(-30) + 640?
2, 17, 19
List the prime factors of (96/40)/((1 - (-235)/(-250))/77).
2, 5, 7, 11
Suppose 0 = 6*l - 23666 + 1076. What are the prime factors of l?
3, 5, 251
Let a be (1212/2)/(-6)*-7. Suppose -2*g + a = 3*y, 4*g + 1758 = 9*g - 2*y. What are the prime factors of g?
2, 11
Suppose 5*g = -370 - 320. Let f = 272 - g. What are the prime factors of f?
2, 5, 41
Let b(n) = 8*n - 5. Let q be b(-5). Let s be -1 + 15/12 + q/(-12). Suppose 2*p = r + 151, -2*p = -s*r + r - 149. What are the prime factors of p?
2, 19
Suppose -2*f = 5*g - 15, -4*f - 2*g + 22 = -0*g. Suppose f*t - 2023 = -663. What are the prime factors of t?
2, 17
Let b(g) = 2*g**2 - 1. Let q be b(3). Suppose 0 = -4*u - 5*h + 16, -3*h = 3*u - 5 - 13. Suppose -690 = -q*l + u*l. What are the prime factors of l?
2, 5, 23
Let j(w) = -w**3 + 3*w**2 + 9*w - 1. Let q be j(5). List the prime factors of -6*(3366/(-135) + q/15).
2, 19
Let u(p) = -712*p - 1607. List the prime factors of u(-32).
3, 13, 181
Let h(y) be the first derivative of y**5/20 - 2*y**4/3 + 4*y**3/3 - 5*y**2/2 - 26. Let w(s) be the second derivative of h(s). List the prime factors of w(7).
43
Let a(h) = -h - 2. Let f(u) = -3*u**2 - 72*u - 66. Let t(w) = 6*a(w) - f(w). List the prime factors of t(-27).
3, 17
Let z = 14565 - 8342. List the prime factors of z.
7, 127
Let a be 3 - (3 + -2)/1. Suppose -b + 3*r = -24, 5*b + a*r - 32 = 3*b. Let o = -7 + b. List the prime factors of o.
11
Let f(h) = 30*h - 11. Let v(j) be the third derivative of -j**4/24 - j**3/6 - 17*j**2. Let t(a) = f(a) - 5*v(a). List the prime factors of t(3).
3, 11
Let s(l) = 2*l**2 + 19*l + 15. Let c = 123 + -140. What are the prime factors of s(c)?
2, 3, 5
Suppose 82*i + 64*i - 10397051 = -57*i. What are the prime factors of i?
51217
Let k(l) = l**3 + 41*l**2 - 119*l + 110. What are the prime factors of k(-28)?
2, 17, 401
Suppose 5*t + c = 89750, 4*c + 21532 = 5*t - 68218. What are the prime factors of t?
2, 5, 359
Let n be (318/4)/((-2)/(-4)). Suppose 227 = x + 2*p, -5*x + 1174 = -0*p - 3*p. Let c = x - n. What are the prime factors of c?
2, 37
Let y be (-3)/6*(-6 + 27 + 3). Let j(z) = 5*z**2 - 6*z + 31. What are the prime factors of j(y)?
823
Let f = 26 - -2. Let u = 31 - f. List the prime factors of 63 - (-6 + 9/u).
2, 3, 11
Suppose 766*i + 37927 = 767*i - 2*l, 0 = -2*i - 5*l + 75845. List the prime factors of i.
5, 37, 41
Suppose -2*q = -5*b - 83191, 3*q + 9708 = 5*b + 134512. List the prime factors of q.
3, 11, 13, 97
Let l(v) = v - 3*v - 9*v - v + 43. Let z(q) = 35*q - 128. Let b(i) = -8*l(i) - 3*z(i). What are the prime factors of b(-15)?
5, 7
Suppose 0*d = c - 4*d - 11, 3*c = 3*d + 15. Suppose c*i = -4*y + 2959 + 3422, 2*y - 3191 = -i. List the prime factors of y.
2, 3, 7, 19
Let z(w) = 5*w**2 - 9*w + 8. Let m be z(1). Suppose c = -m*l + 269, 4*c - c - 2*l - 863 = 0. List the prime factors of c.
3, 5, 19
Let n = 4464 + -55. List the prime factors of n.
4409
Suppose 3*l = 6*l + 666. List the prime factors of 1 - l - (-4 - -2).
3, 5
Suppose 0 = 4*x + 5*o + 524, -4*x - o - 552 = -3*o. Let v = 307 + x. What are the prime factors of v?
3, 19
Suppose r + 0*t - 4*t + 555 = 0, 3*r + 1665 = t. Let u = -345 - r. What are the prime factors of u?
2, 3, 5, 7
Let f be (251 - 13) + (0 - 6). Let m = -190 + f. List the prime factors of m.
2, 3, 7
Suppose -385*t - 87*t + 12721956 = -16705828. List the prime factors of t.
62347
Let q be (-4)/6 - (-20)/(-6). Let f be q/(-8) - 85/(-10). Suppose -f*g - 405 = -14*g. List the prime factors of g.
3
Let x be (30/25)/(2/5). Suppose 560 = -9*l + 10*l + 4*d, 0 = 3*l - x*d - 1710. What are the prime factors of l?
2, 71
Let r(u) = 2*u**2 + 22*u + 53. Let i be r(-8). Let o(w) = w. Let v(t) = -8*t + 10. Let b(f) = 3*o(f) - v(f). List the prime factors of b(i).
3, 5
Let g(l) = -l**3 + 6*l**2 - 9*l + 10. Let s be g(6). Let y = s + 644. List the prime factors of y.
2, 3, 5
List the prime factors of (3 - (7 + 7)) + 6549.
2, 7, 467
List the prime factors of (253/(-22))/((-4)/4960).
2, 5, 23, 31
Let j = 479 - -12. Let c = -468 + j. What are the prime factors of c?
23
Let d be ((-6)/21)/((-8)/(-56)). List the prime factors of ((-1)/d + 0)/(6/3264).
2, 17
Let t(y) = 127*y**3 - 67*y**2 + 369*y - 1. What are the prime factors of t(5)?
2, 3, 7, 191
Suppose -39*q + 0*q - 127*q + 9198226 = 0. List the prime factors of q.
55411
Let x be 2*2/(8/6). Suppose 3*c - 4*i - 1173 = 0, -2*c = -0*c - x*i - 783. List the prime factors of c.
3, 43
Let l(d) = -d**3 - 18*d**2 - 20*d - 40. Let y(z) = z - 11. Let w be y(-6). Let v be l(w). Suppose v*j - 616 = -154. List the prime factors of j.
2, 3, 7
Let g = 6187 + 6489. List the prime factors of g.
2, 3169
Let u(a) = a**2 + a + 1. Let o(r) = 7*r**2 + 16*r + 2. Let k(s) = -s - 1. Let h(y) = 4*k(y) + o(y). Let p(c) = h(c) - 5*u(c). List the prime factors of p(6).
107
Let x = 125794 + -68637. What are the prime factors of x?
61, 937
What are the prime factors of (7/(-14) - -5)*2656/3?
2, 3, 83
Let m = 658 - 1399. List the prime factors of 11 - 10 - (-3 + m).
5, 149
Suppose 4*f + 216 = 204, 0 = -4*w + 2*f + 32466. What are the prime factors of w?
3, 5, 541
Let h = -8595 + 13287. Suppose -4*u + 16*u - h = 0. List the prime factors of u.
17, 23
Let c(b) = 23*b - 55. Let h be c(-4). List the prime factors of (h/(-9))/(4 + 143/(-36)).
2, 3, 7
Let r = 37219 + -10401. List the prime factors of r.
2, 11, 23, 53
Suppose 75*i = 72*i + 1128. Suppose 0*s = f + s - i, 3*f + 5*s = 1134. List the prime factors of f.
373
Suppose -443*o + 142383 = -412*o. List the prime factors of o.
3, 1531
Let p(u) = 34*u + 654. What are the prime factors of p(36)?
2, 3, 313
Suppose -39 = 27*d + 15. List the prime factors of (2 - (-507)/d)/((-15)/90).
3, 503
Let c(r) = 12*r + 8*r**2 - 3*r + 13*r**2 + 12 - 20*r**2. Let q be c(-8). Suppose 32 = y - h - 49, -93 = -y + q*h. What are the prime factors of y?
7, 11
Suppose 140 = 4*g - 0*g. Suppose 375 = 5*j - a - g, -3*a + 246 = 3*j. List the prime factors of 3 - (j*4)/(-4).
5, 17
Suppose 18 = -z + 7*z. Suppose -z*u = -872 + 143. List the prime factors of u.
3
Let f(m) = 104*m**2 - 34*m - 387. What are the prime factors of f(-11)?
13, 967
Let s be 335 + ((-10)/5 - -3). Let w = 447 + s. List the prime factors of (-3)/2 + w/6.
3, 43
Suppose -2*r = 4, -1971 = -2*n - n + 3*r. Let m = 239 + n. Suppose 6*l - m = 402. List the prime factors of l.
2, 3
Let x(i) = -4428*i + 199. What are the prime factors of x(-3)?
97, 139
Let g be (8 - 60525/(-27)) + 1/3. Suppose 0 = -5*o + o - m + 1807, -3*m + g = 5*o. What are the prime factors of o?
3, 151
What are the prime factors of (-156308)/(-24) - 20/24?
2, 11, 37
Let o =